the highest common divisor of q and 44?
44
Suppose 48*g = 23*g + 475. What is the greatest common divisor of g and 1121?
19
Let x = 33 + 5. Let o = 30015 - 29939. Calculate the highest common divisor of x and o.
38
Let y(s) = -5*s**3 + 7*s**2 + 20*s + 48. Let q be y(-4). What is the highest common factor of q and 1040?
80
Let q(k) = 91*k**3 - k**2 + 8*k - 3. Let f be q(1). Let r(j) = j**2 + 4*j + 5. Let v be r(-5). Calculate the greatest common divisor of f and v.
5
Let b be 3 + -4 - 10*-1. Let c be (15/(-3))/(b/(-81)). Calculate the highest common divisor of c and 60.
15
Let g be 6906/16 + (-2)/(16/(-3)). What is the highest common divisor of g and 459?
27
Let i(g) = 13*g + 93. Let u be i(-7). Let o be (-10)/u*(-21)/((-1050)/(-620)). Calculate the greatest common factor of 310 and o.
62
Suppose -2*m = 2*k - 108, 5 = -5*m - 0*m. Suppose 2*r = 116*n - 117*n + 1541, -r + 775 = 5*n. Calculate the highest common factor of r and k.
55
Suppose 4830*q = 4842*q - 168. What is the highest common factor of q and 19?
1
Suppose 2*r + 447 = -5*h, r = 5 - 6. Let j(k) = 5*k**2 - 9*k - 13. Let z be j(-4). Let y = z + h. What is the highest common divisor of y and 168?
14
Let l(u) = u**3 - 7*u**2 + 10*u - 12. Let t(w) = -w**3 - 2*w**2 + 9*w + 10. Let q be t(-4). Let j be l(q). Calculate the highest common divisor of j and 66.
6
Let y = 18164 - 17336. Calculate the greatest common divisor of 222 and y.
6
Let u be (9 + 238/(-28))*4/2. Let w(f) = -4*f + 8. Let b be w(u). Calculate the highest common divisor of 108 and b.
4
Suppose d + 28*d + 87 = 0. Let q be 84/(-70)*(-57 + d). What is the highest common factor of 32 and q?
8
Let p(u) = u**2 + 63. Let l be p(7). Calculate the greatest common divisor of 441 and l.
7
Suppose 50*h = 42*h + 88. Let d = 1579 + -644. What is the highest common factor of d and h?
11
Suppose 5*n = 215 + 145. Let y(r) = r**3 + 2*r**2 - 8*r + 3. Let x be y(3). Calculate the greatest common divisor of x and n.
24
Let m = 18775 + -18757. What is the highest common factor of 18 and m?
18
Let x(s) = -16*s + 145. Let k be x(10). Let p be 1 - 42/30 - 291/k. What is the greatest common factor of 209 and p?
19
Let a(c) = 2*c**3 + 100*c**2 + 10*c + 748. Let p be a(-50). Calculate the highest common divisor of p and 520.
8
Let s be (-1)/2*100/2. Suppose 0 = 27*x + 1472 + 931. Let v = s - x. What is the greatest common factor of v and 48?
16
Let a be (-6075)/810 - (-119)/2. Suppose -3*y + 44 = -34. Calculate the greatest common divisor of y and a.
26
Let d(w) = -w - 42. Let z be d(-8). Let a = z - -38. Suppose 0 = -3*v - f + 3*f + 32, -v = -f - 10. What is the highest common divisor of a and v?
4
Let f = 66 + -17. Suppose -4309 = -f*i + 493. What is the highest common divisor of 1078 and i?
98
Let g = -448 - -392. Let x be 2/(-7) + (-7408)/g. What is the greatest common factor of x and 24?
12
Suppose w = 4*f + 1693, 16*w - 13*w = -f + 5157. What is the greatest common factor of w and 202?
101
Suppose -z = 2*z + 3*d - 1533, -3*z - d = -1521. What is the greatest common divisor of 2727 and z?
101
Suppose 4*y + 2*x - 8 = 0, -4*y - 2*x + 8 = 3*x. Let k be y/(-8) + 1071/(-36). Let w = 55 + k. What is the greatest common factor of 100 and w?
25
Let n be 1053/18 - (-6)/12. Calculate the greatest common divisor of 8 and n.
1
Suppose -1494 = 19*x - 14*x - 11*x. What is the highest common divisor of 3901 and x?
83
Let s be (116/870)/((-2)/(-30))*413. What is the highest common factor of s and 177?
59
Let j(q) = q**2 - 13*q - 16. Let v be j(-9). Suppose -7 = 23*h + 223. Let g be h/(-65) - 1008/(-39). What is the greatest common divisor of g and v?
26
Suppose -28 = -9*h + 80. Let f = 7382 - 7301. Calculate the greatest common divisor of h and f.
3
Let i(d) = 2*d**2 - 34*d + 88. Let u be i(15). Calculate the highest common divisor of 1316 and u.
28
Let w = 19 + -13. Suppose 6 + w = 6*n. Suppose c = n*r - 23, -r = 5*c - 7 + 1. Calculate the highest common factor of r and 22.
11
Suppose 2*v - 20802 = -5*h, 7049 = 3*h + 7*v - 5438. Calculate the greatest common factor of 30 and h.
10
Suppose 0 = q + 2*b - 26, -4*q - 10*b = -5*b - 95. Let w be (-16)/q + (-9)/(-5). Let x be ((3 - -1) + 19)/w. Calculate the highest common factor of 69 and x.
23
Suppose 0 = 8*o - s - 5447, 15*o - 20*o = -4*s - 3428. What is the greatest common factor of o and 600?
40
Let w = -43 + 46. Suppose -w*g - 12 = a, 0*a + 5*g = -3*a - 20. Let h(v) = -4*v + 8. Let t be h(a). Calculate the highest common divisor of t and 72.
8
Let w = -14 + 21. Let b = -931 - -1260. What is the highest common factor of b and w?
7
Suppose -7*z - 7803 + 47493 = 0. Suppose r + 20*r - z = 0. What is the highest common divisor of 30 and r?
30
Let d be (54/(-39))/(10/(-65)). Suppose o - 2 = 1. Let r(y) = -y**3 + 4*y**2 - y + 3. Let c be r(o). Calculate the highest common divisor of c and d.
9
Suppose g = 4*f - 3*f - 147, 2*f + 5*g - 294 = 0. Let a(j) = 288 - 24*j - 174 - 165. Let l be a(-3). What is the highest common factor of l and f?
21
Let j = 4072 + -4058. Let c(m) = 2*m**3 - 5*m**2 + m - 4. Let k be c(5). Calculate the greatest common divisor of j and k.
14
Suppose 0 = -3*g - 4*t + 2*t - 74, 2*t = 3*g + 70. Let p be (-13189)/(-66) - 4/g. What is the highest common divisor of 40 and p?
40
Let t be (0 + 1)*147/3. Let w = -730 + 690. Let r = t + w. Calculate the highest common divisor of r and 18.
9
Suppose 17*i - 18542 - 125618 = 0. Calculate the greatest common divisor of 265 and i.
265
Suppose -4*a + 31 + 57 = 0. Suppose -4*m = 5*y - 16, y + 3 = 4*m + 11. Let u be (7 + m + -5)*1*2. Calculate the greatest common divisor of a and u.
2
Let s = -822 - -642. Let i be 15*s/(-27) - -8. Calculate the greatest common divisor of i and 378.
54
Suppose -3*c + 3551 = -i, 5*i + 522 + 657 = c. Suppose -5*o - c = -6*o. What is the highest common divisor of 32 and o?
32
Suppose 4*p = g - 133 + 137, 0 = 3*g + 5*p - 90. Suppose -2*m + 6 = 4. Let f be 6*30/9*m. What is the highest common divisor of g and f?
20
Let j be -1 - 5 - 62*15/(-6). What is the highest common factor of 10579 and j?
149
Let t = 1986 - 1517. Calculate the greatest common factor of 7 and t.
7
Let n = -3637 + 4141. What is the greatest common factor of n and 1161?
9
Let b be 14868/288 + (-6)/(-16). Let f be (-182)/(-1 + 1 + -1). Calculate the greatest common divisor of b and f.
26
Let p = 10838 + -10830. What is the highest common factor of p and 2084?
4
Let a = 37 + -41. Let k be (10 + -8)*(-2)/a. Let y be -2 - k*(-15)/1. What is the highest common divisor of y and 13?
13
Suppose 16*h - m = 15*h + 106, 4*h - m - 436 = 0. Suppose -107*j - 420 = -h*j. What is the greatest common divisor of j and 28?
28
Let y = -4 - 3. Let h = 13 - y. Let b be ((1 - -7)/(-1))/((-713)/1426). Calculate the highest common divisor of b and h.
4
Suppose -n + 5*d = -3*n + 2413, 2416 = 2*n + 2*d. What is the greatest common factor of 372 and n?
93
Let d be 15486/(-623)*(-8 - 1/(-1)). Calculate the highest common factor of 261 and d.
87
Suppose 26*r = 8293 + 3927. Calculate the greatest common divisor of r and 120.
10
Suppose -5*l + 961 = -4*b, -4*b - 93 + 1022 = 5*l. What is the highest common divisor of 581 and l?
7
Suppose 0*f = 2*n + 5*f - 2162, 5*f + 1051 = n. Let d = -1568 + 1631. What is the greatest common factor of d and n?
63
Let g be 4 + (-14 - -69) - 8. Let p = 70 - -185. Calculate the highest common factor of g and p.
51
Let s(x) = -x**3 - 24*x**2 + 3483. Let r be s(0). What is the greatest common divisor of r and 162?
81
Suppose -9 = -3*c - 3*i, 6*c - 4*c = -4*i + 2. Suppose 7*v + 4*f - 256 = 2*v, c*f = 3*v - 161. Calculate the greatest common divisor of v and 4.
4
Let v(k) = -k**3 + 18*k**2 - 13*k - 23. Suppose j - 8 = -7*j. Let c be (2 + -7 - -22)*(j + 0). Let i be v(c). What is the greatest common factor of i and 5?
5
Suppose -69*w - 1231 = 37*w - 41511. What is the greatest common factor of 860 and w?
20
Suppose -782*a + 952 = -646*a. Suppose -2*n = -3*f + 25 - 300, -4*n = 4*f - 520. What is the greatest common factor of a and n?
7
Let q(p) = 8*p**2 + 172*p + 1065. Let a be q(-49). What is the highest common divisor of a and 460?
115
Let p(j) = -16*j - 10. Let g be p(-7). Let m = 12433 + -12382. Calculate the greatest common factor of g and m.
51
Let d = 150 + -146. S